omposite number?
True
Is 345756347 prime?
True
Is 2457179 prime?
True
Is 7468001 prime?
True
Is 115410137 a composite number?
True
Is 100787351 a prime number?
False
Is 715016747 prime?
True
Is 10631407 a composite number?
True
Is 110287 composite?
True
Is 577287899 a composite number?
False
Is 276009007 a prime number?
False
Is 354887 a composite number?
True
Is 694865315 composite?
True
Is 923327 prime?
False
Is 96621647 a prime number?
True
Is 1025881 composite?
True
Is 1025407 a prime number?
True
Is 68418011 a composite number?
True
Is 90434789 a composite number?
True
Is 3222941 composite?
True
Is 147721027 a prime number?
True
Is 4010693 a composite number?
True
Is 307311843 composite?
True
Is 55341917 a prime number?
False
Is 47394247 a composite number?
False
Is 396586621 composite?
False
Is 16387341 a composite number?
True
Is 4051759 composite?
True
Is 85874419 composite?
True
Is 4142309 a composite number?
False
Is 96803 a composite number?
True
Is 2117047 a prime number?
False
Is 212506561 a composite number?
False
Is 3680197 prime?
False
Is 30851105 composite?
True
Is 43234849 a composite number?
True
Is 205158679 composite?
True
Is 20988551 prime?
True
Is 634891 composite?
False
Is 63214757 a composite number?
False
Is 1967587 prime?
True
Is 6692006 a composite number?
True
Is 1305671 a composite number?
True
Is 4961233 composite?
True
Is 550309 a prime number?
True
Is 4872961 prime?
True
Is 1231757 a composite number?
False
Is 12141671 composite?
False
Is 154136659 prime?
True
Is 11970377 composite?
False
Is 38581937 prime?
False
Is 180167029 composite?
True
Is 19649887 a composite number?
False
Is 10905499 a prime number?
False
Is 8396389 a prime number?
False
Is 3903857 composite?
False
Is 68134267 a prime number?
True
Is 13565459 a prime number?
False
Is 49932389 prime?
False
Is 85988953 a composite number?
True
Is 19223233 prime?
True
Is 8468773 composite?
False
Is 74550085 composite?
True
Is 105407879 a prime number?
True
Is 4096999 composite?
False
Is 2709445 a composite number?
True
Is 288582319 a composite number?
False
Is 142330801 a composite number?
True
Is 906742 a composite number?
True
Is 13784851 prime?
True
Is 6788433 composite?
True
Is 2253599 a prime number?
True
Is 3173041 prime?
False
Is 2650913 a prime number?
False
Is 2672671 prime?
True
Is 673571 a composite number?
True
Is 16128677 composite?
False
Is 129601243 prime?
False
Is 22795187 a prime number?
False
Is 520009 prime?
False
Is 30066581 a composite number?
False
Is 267063961 a composite number?
False
Is 176081 a composite number?
False
Is 1000033 a prime number?
True
Is 5337811 a composite number?
False
Is 518057 a composite number?
False
Is 2147485 a composite number?
True
Is 117623371 a prime number?
True
Is 74732887 prime?
False
Is 9330911 composite?
True
Is 198870647 composite?
False
Is 22021211 composite?
False
Is 762713 a composite number?
True
Is 401551 a composite number?
False
Is 38514233 a prime number?
False
Is 1467073 a prime number?
False
Is 84224939 a prime number?
True
Is 3481817 composite?
True
Is 68327407 a composite number?
False
Is 43904545 a composite number?
True
Is 3635171 a composite number?
False
Is 3342331 composite?
False
Is 14726797 a prime number?
False
Is 8818837 a composite number?
True
Is 59446567 a composite number?
False
Is 30094019 a prime number?
True
Is 5902201 composite?
False
Is 24924797 a composite number?
True
Is 54211511 a prime number?
False
Is 1090303 a composite number?
False
Is 86217617 a composite number?
True
Is 107728723 a composite number?
False
Is 18861137 prime?
True
Is 6681227 a composite number?
True
Is 352308797 a composite number?
False
Is 12632657 prime?
True
Is 5415863 a prime number?
False
Is 7408669 a composite number?
False
Is 15332887 a composite number?
True
Is 2110001 a composite number?
False
Is 19760459 composite?
True
Is 117669803 a composite number?
False
Is 32302229 a composite number?
True
Is 267103049 a composite number?
False
Is 61436891 prime?
True
Is 21292781 prime?
True
Is 2667235 composite?
True
Is 117678809 prime?
True
Is 46167239 a prime number?
True
Is 5119859 prime?
True
Is 801673577 a composite number?
True
Is 476579 prime?
True
Is 1499171 a composite number?
True
Is 8971619 a prime number?
True
Is 150966947 composite?
False
Is 64289 composite?
True
Is 389481941 a prime number?
True
Is 13919741 prime?
False
Is 1314409 a composite number?
False
Is 11691179 prime?
True
Is 278534599 a prime number?
False
Is 468953 a prime number?
True
Is 363560627 prime?
True
Is 302848409 prime?
True
Is 7877659 composite?
True
Is 20446787 composite?
True
Is 63128027 composite?
False
Is 1196593 composite?
False
Is 101338093 composite?
True
Is 38366917 composite?
False
Is 21579557 prime?
True
Is 110096279 a composite number?
True
Is 4599727 composite?
True
Is 506189933 composite?
True
Is 57146351 composite?
True
Is 15440099 a composite number?
False
Is 56748235 composite?
True
Is 7823021 a prime number?
False
Is 9815842 a prime number?
False
Is 345106859 composite?
True
Is 175419407 a prime number?
True
Is 24557003 prime?
True
Is 2354039 a prime number?
True
Is 54700537 a composite number?
True
Is 3929167 prime?
False
Is 2887159 a prime number?
False
Is 5477119 composite?
False
Is 1243997 a composite number?
False
Is 10086019 prime?
True
Is 12279647 a composite number?
False
Is 5295153 composite?
True
Is 1356071 composite?
True
Is 1376291 composite?
True
Is 460783859 a prime number?
True
Is 1817353 prime?
False
Is 94924477 composite?
False
Is 3664954 composite?
True
Is 766721 prime?
True
Is 245513 a composite number?
False
Is 872671 composite?
False
Is 68709367 prime?
False
Is 500262013 a composite number?
False
Is 2622473 composite?
True
Is 88437469 a composite number?
True
Is 2056193 prime?
True
Is 24373931 a prime number?
True
Is 5883947 composite?
False
Is 292639247 composite?
False
Is 99834097 a prime number?
False
Is 787251799 composite?
False
Is 28281299 a composite number?
False
Is 62084587 composite?
False
Is 156467057 a prime number?
True
Is 167544311 a composite number?
True
Is 70160401 a prime number?
True
Is 49807414 prime?
False
Is 70535539 a composite number?
True
Is 32260381 a composite number?
False
Is 5756815 a composite number?
True
Is 1597979 prime?
True
Is 27158038 a prime number?
False
Is 6186469 a composite number?
True
Is 30111509 composite?
True
Is 5992361 a composite number?
False
Is 5931169 composite?
False
Is 67453 a prime number?
True
Is 16666711 composite?
False
Is 7324985 prime?
False
Is 4320029 composite?
True
Is 5101441 composite?
False
Is 901422787 composite?
False
Is 5406041 a prime number?
True
Is 51641177 a composite number?
True
Is 3393311 a prime number?
True
Is 57406915 a composite number?
True
Is 63515827 a prime number?
True
Is 119830339 a composite number?
True
Is 105425666 prime?
False
Is 488603 a prime number?
True
Is 4186997 a composite number?
False
Is 76481 composite?
False
Is 191827 a composite number?
False
Is 102386863 a composite number?
False
Is 8543401 prime?
False
Is 21751817 a prime number?
True
Is 15388631 composite?
False
Is 1040407 a prime number?
True
Is 222649901 a prime number?
False
Is 33462917 prime?
True
Is 62183119 a prime number?
False
Is 10827197 a prime number?
True
Is 37604753 a prime number?
True
Is 59595421 a prime number?
False
Is 2423627 prime?
True
Is 4622279 composite?
True
Is 1259287 prime?
True
Is 77006801 prime?
True
Is 113672233 a prime number?
False
Is 1064819677 composite?
True
Is 20284469 composite?
False
Is 1062553 a prime number?
False
Is 35334919 composite?
False
Is 478039 prime?
True
Is 613079 prime?
False
Is 7564747 a prime number?
True
Is 34840691 composite?
True
Is 1158361 composite?
False
Is 919943 a prime number?
False
Is 8541983 composite?
False
Is 4037339 composite?
True
Is 565907915 a prime number?
False
Is 8881517 a composite number?
True
Is 5578987 composite?
False
Is 76138949 a prime number?
False
Is 34621861 composite?
True
Is 2136473 a prime number?
True
Is 351821 a composite number?
True
Is 142188337 a composite number?
False
Is 272077745 composite?
True
Is 488491697 a prime number?
True
Is 97453103 a prime number?
False
Is 34974403 a composite number?
True
Is 1026993959 prime?
True
Is 36